What is the value of 35 + (-27 + 30 - -27)?
65
What is 20 + -12 + (1 - (2 + 26)) + 4?
-15
Evaluate -18 + -3 + -16 + 28 + -1 + -10.
-20
What is the value of -146 + 194 + -3 - (-1 - -41)?
5
What is (88 - (47 - -4) - -45) + 6?
88
-29 + (26 - (-86 - -89))
-6
-1 + (2 - -6) - 10 - (36 + 24)
-63
Evaluate -5 - (6 + (-13 - -6) + 22 + -7 + -6).
-13
What is the value of (-58 - -71 - 1) + 25?
37
What is the value of (-15 - 15 - (3 + -7) - -9) + -9?
-26
What is the value of -16 + 4 - 16 - -6 - -75?
53
Calculate 11 - (-14 - 10 - 11) - 9.
37
Evaluate -51 + (-25 - -67) + -38.
-47
What is 17 + (-8 - 0) - 10 - -39 - -1?
39
Calculate (-58 - (-141 + 32)) + -22.
29
What is 16 + (-29 - -18) - (-15 - (2 - 8))?
14
Calculate -3 - -41 - (-47 + 56).
29
-1 - 16 - (-39 + 16 + 48 + -34) - 75
-83
Evaluate 1150 + -1143 + (-19 - ((4 - 4) + -4)).
-8
What is the value of -45 + 31 + 9 + 5 + 4 - 14?
-10
What is (-1 - (0 + 1)) + (262 - 196 - -46)?
110
What is 18 + (4 - 2) + 21 + -64?
-23
What is the value of 65 + (19 - 0 - (17 + -56 - -59))?
64
What is the value of -23 - (23 - (53 - 18)) - -49?
38
Evaluate -4084 + 4128 - (3 - (59 + 4)).
104
-41 + 48 - (5 + 0)
2
Evaluate 60 + 4 + (78 + -101 - (-14 + -1)).
56
What is 24 + -48 - (-75 + 62)?
-11
Evaluate -1008 - -1067 - (38 - -1).
20
-107 + (92 - (34 - 94))
45
Calculate -37 + 19 + 17 + -9 + -8.
-18
Evaluate (-182 - -152) + 37 + (-1 - (3 + -2)) + 50.
55
Evaluate (60 - -130) + -115 + 21.
96
Calculate 33 - ((-4 - -27) + 71).
-61
Evaluate 43 + (-16 - 37 - 11).
-21
Evaluate 155 - (-120 + 262) - -34.
47
Evaluate -11 - (-9 + 9) - (-10 + 17 + -71).
53
What is -58 - (-24 + 0 + 526 + -509 - (-3 + 0))?
-54
Evaluate 14 - (5 - (-7 + (19 - 4) - 8)).
9
Evaluate -12 + 8 + (-19 - -14) - (-48 - (4 - -6)).
49
-7 + 26 + (-21 - -8) + -30
-24
What is the value of 76 + 132 + -151 + (-24 - -6)?
39
What is (-18 + 33 - -18) + 6 + (-11 - 9)?
19
What is the value of (-77 + 30 - -109) + -23?
39
-1 - -1 - (-217 + 211)
6
Calculate 10 - ((17 + -13 - -4) + 7) - -5.
0
Calculate -14 + 5 - (-14 + (-2 - -8 - (-7 - -7))).
-1
What is the value of 53 + -2 - (-3 + -29) - (-1 + 5 - 2)?
81
4 - 5 - ((8 - 1) + -5)
-3
Evaluate -13 - (-6 + -1 + (-1 - 26)).
21
What is the value of 73 + -1 - (-822 + 931)?
-37
What is the value of -8 + 7 + 5 - 20 - -135 - (-9 + -1)?
129
What is the value of 9 + 7 + -4 - (5 - 20 - 10)?
37
What is the value of 4 - (14 - (49 + 18))?
57
30 + (2 - 3) - (9 - -5 - 28 - -23)
20
What is the value of -20 + (35 + -15 - -29) - 5?
24
What is the value of (-11 - -1) + 6 + -3 + -5 + 44?
32
Evaluate -17 + -1 + 1058 + -1059 + 137.
118
-58 + (-118 - -98 - (-3 + -21))
-54
What is -10 + 63 + 28 + -65?
16
What is -17 + -29 + 13 - (29 - 14)?
-48
Calculate -3 + (108 + -21 - (-5 + -6 + 29 + -7)).
73
What is (43 - (-33 - -108)) + 105?
73
Calculate 46 - 2 - 37 - (-1 + -23) - -1.
32
What is the value of 1 + -16 + 20 + -143 + -17 + 39 + 8?
-108
What is 0 + 76 + 18 + -13 + (16 - (14 - -9))?
74
Calculate -199 - (87 + -110 + -64).
-112
What is the value of -24 + 4 + (5 + -8 - 12)?
-35
What is 47 - (-13 - (9 - (37 - 20)))?
52
101 + -21 + -71 + 51
60
0 + (4 - (-1 + 0)) + (153 - 144)
14
Evaluate 2 - 14 - 58 - ((6 - -5 - 4) + -10).
-67
Calculate -22 + 201 + -90 + 45.
134
Calculate -81 + 62 + (-63 - -144).
62
65 + (14 + -3 + -4 - 1) + 1 + -7
65
-34 - -98 - (-15 + 21)
58
Evaluate -2 + 22 + -2 + 0 - ((-238 - -141) + 85).
30
What is the value of (3 - (0 + -4 - -44)) + 11?
-26
-4 + (6 - (-2 - -9)) + (11 - 7) + -32
-33
What is 173 - 120 - (24 - -1)?
28
Calculate (-24 - 122) + 119 + 12.
-15
-2 - 42 - -4 - (-924 + 903)
-19
Evaluate -8 + -4 + -26 + 43 + -21.
-16
Evaluate -1147 + 1137 - (0 - 61 - (-11 + 12)).
52
Calculate (-19 - -14) + 4 - ((-17 - -5) + -7).
18
1 - -70 - (1238 - 1162)
-5
Evaluate 18 + -17 + (40 - 34) + 62.
69
Evaluate 103 + -62 + -18 + -3 + -163.
-143
Evaluate 103 - (-9 - (-40 + 10) - -21).
61
Calculate (8 - 1 - -5 - (-3 + 6)) + 45.
54
What is -9 + (17 + (1 - (29 - 6)) - (-1 + 11))?
-24
Evaluate 29 - (-30 + (-26 - -59)).
26
Evaluate (-74 - -128) + (5 - 17) + 6.
48
Evaluate -13 - (-90 + 46) - (-6 - -143).
-106
Evaluate -3 - (0 - -43 - (3 - (-18 + 8))).
-33
(92 - 1) + (-5125 - -5090)
56
Evaluate (-5 - -2) + (122 - 140 - (2 + -9 + -1)).
-13
(-40 - (21 + -30)) + 18 + 7
-6
Evaluate -1691 - -1658 - (-1 - 37).
5
What is -14 + -29 + 56 + -34 + (-24 - 0)?
-45
-142 - (105 + (-77 - 79))
-91
Calculate 13 + 0 + (2 - 2) + -139 + (678 - 686).
-134
What is 15 - (-10 - (1 + -18)) - -1?
9
What is -2 + -109 + -752 + 831?
-32
What is (2 - -8 - (21 + -11)) + 2 + -9?
-7
What is the value of 32 + (-13 + 5 - 13) + (7 + 1 - -1)?
20
15 + -19 + (-3 - -14) + (18 - 10)
15
Calculate 31 - (-46 - -35) - 56.
-14
Calculate (-7 + 6 - (29 - 42) - (11 - 1)) + -41.
-39
What is 13 + (-43 - -17) - (78 - 49)?
-42
What is the value of (52 - 41) + (2 + (-53 - -3) - -4)?
-33
What is 87 - (163 - (117 + -21))?
20
Evaluate (-290 - -243 - -93) + 1 + 5.
52
2 + 5 + 2 + (1 - -39) + (134 - 141)
42
Evaluate -51 + 2 + (908 - 912).
-53
Evaluate 7 + ((3 - -4) + -3 - (6 + -5)) - -53.
63
What is 56 + (22 + -23 - 1) + 5?
59
Evaluate -1 + 1 + 0 + (4 - -3) + -2 - 9.
-4
What is 55 + -4 + -206 - -205?
50
Calculate (-21 - 0) + (-9 + 68 - 49 - -74).
63
What is the value of -4 + (15 - (-6 + 6)) - (-41 - -50)?
2
Calculate 11 - (2 + (2 - 11) - (-75 - (-116 - -71))).
-12
Evaluate -6 - 16 - 3 - (13 - 40).
2
(77 - (54 - 22)) + (-16 - -2)
31
Calculate 193 - 209 - (4 - (27 - -1)).
8
-8 + 14 + 6 - 11 - (1 - (-2 - 3))
-5
What is the value of 10 - (-94 + 89 + (-2 - 9))?
26
What is -5 - (-5 + 2 + 56 + (1 + -12 - -5))?
-52
Calculate (2 - -7) + -4 + (-95 - (-18 - 3)).
-69
Calculate 3 + -7 + 26 + -30 - (15 + 5).
-28
Evaluate -22 + 50 + -43 + -5.
-20
Evaluate -107 - ((-1 - 43) + (-568 - -582)).
-77
(0 + -24 - 0) + (-1225 - -1188)
-61
Calculate 8 - (-8 - (63 - 56 - (0 - -5) - 63)).
-45
What is -23 + (73 - (37 + 0)) + -12?
1
What is the value of (581 - 551) + (0 - 19) - -32 - 7?
36
What is the value of -45 + (1 + -17 - (-13 - -2)) + -5 + -3?
-58
Calculate -1 + -45 - (-7788 - -7705).
37
What is the value of -7096 + 7084 + (0 + 0 - (1 + 0))?
-13
-3 - (-8 - (-47 + 22 - -20) - 18)
18
(-70 - (-263 - -230)) + 89 + 1
53
What is 15 - (-15 + -13 - -21 - -32)?
-10
What is 68 - (-20 + 8 + 53)?
27
What is 9 - ((-1 - 18) + 1135 + -977 - (-8 + 0))?
-138
(53 + -64 - -47) + -83
-47
-18 + 2 + 0 + (-81 - -2 - (-298 - -267))
-64
Calculate -29 + 41 + -3 - (3 + 20).
-14
What is (13 + -1 - (40 - (-59 - -90))) + -5?
-2
What is the value of -27 - (73 + (-21 - 28))?
-51
What is the value of (3 + -2 - 1) + (14 - 28) + 3 + 4?
-7
-24 + 42 - 33 - (4 - -2)
-21
What is the value of 22 + (-225 - -189) - (-2 + -87 + 2)?
73
What is the value of -86 - (45 + 16 - 113)?
-34
40 - (123 - 78) - (1 + -13)
7
Evaluate -483 - -591 - (-4 + 150).
-38
Evaluate (68 + -58 - -25) + -49.
-14
Evaluate -198 + (360 - 178) - (26 - 0).
-42
(-3 - -1) + 4 - 12 - (116 + 16 + -120)
-22
Calculate 87 + (-147 - -83 - 53).
-30
Evaluate -1 - 2 - (-38 + -2) - (70 - (139 + -60)).
46
Calculate (-5 + 0 + 0 - (-4849 - -4828)) + -17 + 0.
-1
Calculate -1 + 5 + (41 + -35 - (-3 - -6)) + -15.
-8
(-80 + 9 - -42) + 24 - (-2 - (3 + 52))
52
Evaluate -34 + -17 + 5 - -66.
20
What is the value of 228 + -240 - (-26 - (2 - 1)) - (1 + 4)?
10
Calculate 3 - -2 - (21 - (13 + -11 + -5)).
-19
What is -4 + (0 - 5 - 3) - (12 - 15)?
-9
What is -37 + 0 - (4228 + -4286)?
21
Calculate -4 + 37 + (-99 - -24 - -32).
-10
Evaluate -4 + 19 + -19 - -29 - (1 + -9).
33
Evaluate (0 - (1 + 1)) + (-121 - -116 - -22).
15
-161 + -52 + 255 + (1 - -9)
52
What is the value of 78 + -49 + (-31 - -25 - (-3 - 1))?
27
What is the value of -75 + -189 + 204 + (-8 - -2)?
-66
(-69 - (-20 + -62)) + (1 + 0 - (1 - 6))
19
What is -3 + (-15 - (-14 - -9) - -9) + -3 - -8?
1
What is 31 - (21 - 34 - -42)?
2
What is the value of (-21 - (-85 + 6 + 20)) + (1 - 2)?
37
What is (2 + -6 + 8 - (-1 + 87)) + 10?
-72
What is 21 + 38 + 1 + 3 + (-33 - -22)?
52
-34 + -60 + 58 - -38
2
Evaluate 41 + (30 - (-31 - -69)) - -54.
87
What is -38 + 10 - (1 + -1 + (-37 - -51))?
-42
What is -15 - -37 - -15 - 73?
-36
Evaluate -34 - (22 + (-6 - -27) + -44).
-33
What is the value of -52 + (-1 - -21) + (97 - 109)?
-44
What is the value of 2 + (-19 + 31 - 42) - -45?
17
What is (-53 - (45 - 5)) + 72?
-21
-29 + -3